?
True
Does 40 divide 19141?
False
Is 27 a factor of 2179?
False
Is 32438 a multiple of 257?
False
Is 1617 a multiple of 18?
False
Is 35 a factor of 89460?
True
Is 232 a multiple of 13?
False
Is 7480 a multiple of 22?
True
Is 36 a factor of 2952?
True
Is 15 a factor of 1577?
False
Is 30 a factor of 1186?
False
Is 24 a factor of 720?
True
Is 19 a factor of 912?
True
Is 1236 a multiple of 10?
False
Does 149 divide 93423?
True
Does 39 divide 1443?
True
Is 1809 a multiple of 9?
True
Does 53 divide 2747?
False
Is 320 a multiple of 43?
False
Is 17824 a multiple of 131?
False
Does 37 divide 444?
True
Is 78 a factor of 4056?
True
Is 26 a factor of 102154?
True
Is 6187 a multiple of 23?
True
Does 29 divide 6333?
False
Is 3950 a multiple of 45?
False
Does 37 divide 4477?
True
Is 9001 a multiple of 9?
False
Is 23712 a multiple of 57?
True
Is 13416 a multiple of 8?
True
Does 16 divide 15569?
False
Does 17 divide 7055?
True
Does 94 divide 8930?
True
Does 10 divide 330?
True
Does 15 divide 156?
False
Is 1040 a multiple of 52?
True
Is 936 a multiple of 3?
True
Is 278 a factor of 74504?
True
Is 378 a multiple of 16?
False
Is 469 even?
False
Does 4 divide 80?
True
Is 17131 a multiple of 46?
False
Does 26 divide 15496?
True
Does 21 divide 363?
False
Is 8094 a multiple of 6?
True
Is 5 a factor of 3865?
True
Does 31 divide 47771?
True
Is 138 a factor of 21770?
False
Does 9 divide 1035?
True
Is 35793 a multiple of 9?
True
Does 36 divide 5796?
True
Is 9 a factor of 540?
True
Does 6 divide 2794?
False
Does 223 divide 142215?
False
Is 58 a factor of 1595?
False
Does 16 divide 2144?
True
Does 72 divide 11844?
False
Does 10 divide 26075?
False
Is 72 a factor of 2258?
False
Is 14 a factor of 2177?
False
Is 8 a factor of 543?
False
Does 50 divide 43050?
True
Is 31 a factor of 28396?
True
Is 162 even?
True
Is 89720 a multiple of 119?
False
Does 27 divide 918?
True
Is 3753 a multiple of 22?
False
Is 17 a factor of 706?
False
Is 13 a factor of 2665?
True
Does 10 divide 370?
True
Does 14 divide 448?
True
Does 178 divide 18156?
True
Is 68723 a multiple of 10?
False
Does 15 divide 1119?
False
Is 3727 even?
False
Does 7 divide 214?
False
Is 355 even?
False
Does 91 divide 14548?
False
Is 137 a multiple of 7?
False
Is 447 a factor of 13410?
True
Is 7059 a multiple of 22?
False
Is 8460 a multiple of 30?
True
Is 950 a multiple of 19?
True
Is 140 a multiple of 20?
True
Is 5 a factor of 84?
False
Does 26 divide 50001?
False
Does 9 divide 387?
True
Is 480 a multiple of 8?
True
Is 8 a factor of 41008?
True
Is 7 a factor of 817?
False
Is 141 a factor of 9412?
False
Does 101 divide 9090?
True
Is 13 a factor of 90255?
False
Is 13 a factor of 2184?
True
Is 4 a factor of 5152?
True
Is 44 a factor of 1100?
True
Is 136 a factor of 29376?
True
Does 42 divide 35682?
False
Is 193 a factor of 35796?
False
Is 810 a multiple of 54?
True
Is 1512 a multiple of 63?
True
Is 38 a factor of 78280?
True
Is 504 a multiple of 36?
True
Is 571 a multiple of 41?
False
Is 10 a factor of 8740?
True
Is 20 a factor of 1317?
False
Is 19 a factor of 88882?
True
Does 24 divide 288?
True
Is 26 a factor of 1505?
False
Is 8 a factor of 11265?
False
Is 41790 a multiple of 247?
False
Is 14 a factor of 179?
False
Is 7 a factor of 512?
False
Is 1038 a multiple of 34?
False
Is 45310 a multiple of 197?
True
Is 12909 a multiple of 10?
False
Does 114 divide 1938?
True
Is 654 a multiple of 7?
False
Is 514 a multiple of 57?
False
Does 10 divide 430?
True
Is 82 a factor of 656?
True
Does 86 divide 2322?
True
Is 1935 a multiple of 15?
True
Does 259 divide 109444?
False
Is 3735 a multiple of 45?
True
Is 58625 a multiple of 246?
False
Is 4 a factor of 11252?
True
Is 25 a factor of 28725?
True
Is 127497 a multiple of 41?
False
Is 792 a multiple of 44?
True
Is 717 a multiple of 28?
False
Is 52 a factor of 17212?
True
Is 31488 a multiple of 16?
True
Is 120 a factor of 9600?
True
Does 78 divide 25350?
True
Is 103 a factor of 336?
False
Does 13 divide 644?
False
Is 78 a multiple of 26?
True
Is 58650 a multiple of 115?
True
Is 2183 a multiple of 37?
True
Is 5648 a multiple of 16?
True
Is 72 a factor of 1152?
True
Is 4 a factor of 480?
True
Does 3 divide 1737?
True
Does 2 divide 47?
False
Is 125 a factor of 9500?
True
Does 10 divide 2413?
False
Does 65 divide 4420?
True
Is 14 a factor of 1178?
False
Is 5 a factor of 1475?
True
Does 17 divide 983?
False
Is 213 a multiple of 3?
True
Is 984 a multiple of 30?
False
Is 282 a multiple of 6?
True
Is 20820 a multiple of 10?
True
Is 44 a factor of 12556?
False
Is 148 a multiple of 16?
False
Does 23 divide 3105?
True
Is 37654 a multiple of 8?
False
Does 19 divide 1615?
True
Is 381 a multiple of 11?
False
Does 51 divide 24225?
True
Does 117 divide 3520?
False
Is 134260 a multiple of 245?
True
Does 12 divide 29749?
False
Is 2305 a multiple of 36?
False
Does 21 divide 402?
False
Is 54582 a multiple of 343?
False
Is 27 a factor of 829?
False
Is 7 a factor of 6975?
False
Does 14 divide 910?
True
Is 35 a factor of 630?
True
Does 32 divide 421?
False
Is 8 a factor of 41?
False
Is 30 a factor of 3408?
False
Does 19 divide 1178?
True
Does 17 divide 5968?
False
Is 162 a factor of 2430?
True
Is 561 a multiple of 51?
True
Is 7 a factor of 15211?
True
Does 246 divide 24846?
True
Is 1575 a multiple of 5?
True
Does 102 divide 571?
False
Is 62 a factor of 17174?
True
Is 1989 a multiple of 36?
False
Does 67 divide 7906?
True
Does 20 divide 1755?
False
Is 60 a factor of 4440?
True
Does 30 divide 26250?
True
Is 247 a factor of 42978?
True
Does 210 divide 96976?
False
Is 2365 a multiple of 9?
False
Is 3842 a multiple of 113?
True
Is 9215 a multiple of 97?
True
Is 37 a factor of 13553?
False
Is 35 a factor of 210?
True
Is 16146 a multiple of 23?
True
Does 31 divide 9590?
False
Is 42 a factor of 8792?
False
Is 1785 a multiple of 17?
True
Is 3146 a multiple of 22?
True
Is 1460 a multiple of 10?
True
Is 17242 a multiple of 9?
False
Is 8 a factor of 45904?
True
Is 11 a factor of 2299?
True
Is 6945 a multiple of 9?
False
Is 63 a factor of 15293?
False
Does 32 divide 2599?
False
Is 9 a factor of 26101?
False
Does 69 divide 8901?
True
Is 2128 a multiple of 38?
True
Does 65 divide 1235?
True
Does 6 divide 3114?
True
Does 8 divide 9200?
True
Is 450 a multiple of 10?
True
Does 18 divide 3438?
True
Does 15 divide 1920?
True
Is 210 a factor of 31710?
True
Is 2070 a multiple of 115?
True
Is 4830 a multiple of 230?
True
Is 12 a factor of 102?
False
Is 7 a factor of 3934?
True
Does 4 divide 341?
False
Does 47 divide 7432?
False
Does 16 divide 311?
False
Does 20 divide 963?
False
Does 8 divide 9760?
True
Does 27 divide 534?
False
Is 5577 a multiple of 13?
True
Is 47 a factor of 141?
True
Is 514 a multiple of 4?
False
Is 8 a factor of 1880?
True
Does 29 divide 52428?
False
Does 47 divide 73853?
False
Does 8 divide 11440?
True
Does 7 divide 10773?
True
Is 10010 a multiple of 26?
True
Does 37 divide 7215?
True
Does 7 divide 392?
True
Does 64 divide 21696?
True
Does 20 divide 1240?
True
Is 509 a multiple of 7?
False
Does 16 divide 33152?
True
Is 9 a factor of 1035?
True
Is 7801 a multiple of 26?
False
Is 18503 a multiple of 42?
False
Does 97 divide 3293?
False
Is 12106 a multiple of 30?
False
Does 46 divide 1314?
False
Does 55 divide 4414?
False
Is 5 a factor of 1047?
False
Is 9 a factor of 719?
False
Is 8 a factor of 214?
False
Is 14 a factor of 15421?
False
Is 58 a factor of 10753?
False
Is 18598 a multiple of 6?
False
Is 12 a factor of 2197?
False
Is 50 a factor of 3200?
True
Is 68 a multiple of 34?
True
Is 3666 a multiple of 15?
False
Is 10 a factor of 1041?
False
Is 28 a factor of 15736?
True
Does 29 divide 2610?
True
Does 25 divide 3000?
True
Is 1953 a multiple of 21?
True
Is 55 a factor of 44550?
True
Does 201 divide 44974?
False
Is 12 a factor of 6530?
False
Is 68 a factor of 4012?
True
Does 121 divide 8674?
False
Is 8 a factor of 3906?
False
Is 53 a multiple of 26?
False
Is 10448 a multiple of 20?
False
Is 1592 a multiple of 11?
False
Is 7 a factor of 965?
False
Does 26 divide 19864?
True
Is 28 a factor of 392?
True
Is 34 a factor of 204?
True
Is 378 a multiple of 8?
False
Is 99 a multiple of 5?
False
Is 14 a factor of 4620?
True
Does 12 divide 1404?
True
Is 24 a factor of 4817?
False
Is 1961 a multiple of 83?
False
Is 98492 a